1 = c*v. What is the units digit of v?
7
What is the hundreds digit of ((-132)/(-1485))/(1/(-5)) - (-82651)/9?
1
Let c(m) = -m**3 - 5*m**2 + 2*m + 5. Let b be c(-5). Let t(y) = 2*y**2 - 9*y - 26. What is the tens digit of t(b)?
6
Let z(g) = -2*g + 3. Let l(n) = n**2 + 16*n - 24. Let x be l(-18). Let j(f) = -2*f**2 + 22*f + 7. Let w be j(x). What is the tens digit of z(w)?
3
Suppose 0 = -21*x + 25*x + 4*j - 1328, -5*x = -2*j - 1653. Suppose 4*u = -4*z - x + 823, -u = -3*z - 143. What is the hundreds digit of u?
1
What is the units digit of (-120)/(-96) - (-120969)/12?
2
Suppose -144*w = -148*w - 28. What is the tens digit of w*(2 + (-2044)/49)?
7
Suppose 2870 + 880 = 3*n. Let s = 1963 - n. What is the units digit of s?
3
Let v(m) = 91*m + 3. Let q be -4*(-3 - -4 - 2). Let c be v(q). Suppose -t - 283 = -3*u, -5*u + 3*t + 98 + c = 0. What is the units digit of u?
6
Let g(m) = 384*m - 4. Suppose -4*k - 14 = -2*b - 24, -5*b = -5*k + 20. What is the hundreds digit of g(k)?
3
Let c = 466 - 242. Suppose -3*m + 187 + c = 0. Suppose -6*b + 4*b - g = -274, -g = -b + m. What is the tens digit of b?
3
Suppose -2*t + 13262 = 2*k, -5*t = -4*k + 7*k - 33157. What is the tens digit of t?
3
Suppose -212*j + 678040 = -355200 - 1613156. What is the thousands digit of j?
2
Let m = -316 + 320. Suppose 9*b = m*l + 14*b - 1391, 2*l - 697 = -b. What is the tens digit of l?
4
Let n = 3807 + -2172. Let v = -667 + n. What is the hundreds digit of v?
9
Let w = 1017 - -993. What is the thousands digit of w?
2
Let u(b) = 40*b + 1. Let t be u(22). Let w = t - 488. What is the hundreds digit of w?
3
What is the hundreds digit of 18644/3*(15 - 20)*(-18)/20?
9
Suppose -39*u + 41*u - 1644 = 0. Let h be (-50)/(-18) - 16/(-72). Suppose 0*a + 2*a = h*k - u, -a = -5*k + 1363. What is the units digit of k?
2
Let b be (-3380)/(-364) - (-2)/(-7). Suppose -b*u + 8*u - 9585 = -5*i, -3*i + 5744 = -2*u. What is the tens digit of i?
1
Let r(v) = v**2 - 8*v + 13. Let k = 99 - 91. Let s be r(k). Suppose -18*l = -s*l - 770. What is the units digit of l?
4
Let b(f) = -31*f - 8. Let j be b(-8). Suppose -24 = 10*u - 74. Suppose 0 = u*h - 11*h + j. What is the units digit of h?
0
Suppose 5*k = -5*c + 40, -18 = -4*c - 2*k + 10. Let y = 90 + -10. Let x = y - c. What is the tens digit of x?
7
Let i be 7*84 + 0 - 5. Suppose 2*z - 5*t = 3*z - i, 0 = z + t - 567. What is the hundreds digit of z?
5
Suppose 2*i + 16 = 0, 74*m - 75*m - 4*i + 39768 = 0. What is the thousands digit of m?
9
Let x(i) = 136*i - 22. Let v = 161 - 159. What is the units digit of x(v)?
0
Suppose 0 = 7*z + 5*z. Suppose -1033 = -3*b + 2*p, -3*b + p - 303 + 1331 = z. What is the tens digit of b?
4
Suppose 4*w = -18*w - 90796 + 331146. What is the ten thousands digit of w?
1
Let k = -286 + 624. Let u = 418 + k. What is the units digit of u?
6
Let p(q) = -3*q**3 - 2*q**2 + q + 10. Let w be p(-6). Let z = 1325 - w. What is the units digit of z?
5
Let x(j) = 4*j**2 + j + 11. Let a(l) = -6*l + 5. Let i be a(0). Let m be x(i). Let r = -54 + m. What is the tens digit of r?
6
Suppose 2401 = 3*m + l, 0*l - 15 = 3*l. Suppose m = 5*i + 122. Suppose i = 2*q - 320. What is the hundreds digit of q?
2
Suppose 0 = 5*w + 25, -4*s + 26846 - 6184 = -2*w. What is the units digit of s?
3
Let n = -23486 - -48502. What is the hundreds digit of n?
0
Let c(u) = 147 - 75 - u**3 - 6*u**2 - 65 - 7*u. Let x be c(-4). Suppose -x*k - 160 + 412 = 0. What is the units digit of k?
4
Let a(c) = 724*c**3 + 7*c - 7. Let w be a(1). Let h = 994 - w. What is the tens digit of h?
7
Let r(w) = -16*w + 13. Let d(q) = -8*q + 7. Let j(l) = 7*d(l) - 4*r(l). Let m be j(3). Suppose -m*f + 9*f = -1596. What is the units digit of f?
3
Let a be (-9)/(54/168)*-3. Suppose 0 = 5*j - 2*t - 72, 6*j - 2*j + 5*t = a. What is the units digit of j?
6
Suppose -3*u + 2483*f + 46105 = 2482*f, 0 = -2*u + 4*f + 30740. What is the units digit of u?
8
Let d(y) = -6*y + 3*y - 5 + 10*y. Let t be d(5). Let b(p) = -p**3 + 28*p**2 + 65*p + 36. What is the tens digit of b(t)?
8
Let i(r) = -24*r + 1322. What is the units digit of i(25)?
2
Let m(r) = 33*r + 18. Let t(o) = 1. Suppose -a = 4*l + 6, 0 = -3*a + 5*l - 1 - 0. Let s(g) = a*t(g) - m(g). What is the tens digit of s(-3)?
7
Suppose -4*g - 374504 = -6*y, -11*g = -5*y - 15*g + 312072. What is the tens digit of y?
1
Let h be 7050/60 - ((-2)/2)/(-2). Let j = 120 - h. What is the units digit of 7/((-147)/(-14)) - (-223)/j?
5
Let j be (6 - 5) + (0 - -1). Suppose -q = 5*g - 1778, 0 = -j*q - 0 - 4. Suppose 0 = 5*f + 2*w - 344, -4*f + 2*w = f - g. What is the tens digit of f?
7
Let o = 6730 + -4621. Suppose 0*c - 19*c = -o. What is the hundreds digit of c?
1
Suppose 0 = 42*n - 48356 - 144733 + 20805. What is the thousands digit of n?
4
Let q(x) = x**3 - 5*x**2 - 7*x + 3. Let z be q(6). Let l = z - 1. What is the units digit of l/(-1)*1022/56?
3
What is the units digit of 2/((-26)/(-48451)) - (-9 + 2)?
4
Let r(u) = -2*u**3 - 2*u**2 + 11*u**2 + 1 - 15*u + 11*u. Let j be r(7). What is the units digit of (-4 + 38/8)/((-2)/j)?
2
Let o(h) = -2*h**2 - 43*h - 92. Let j be o(-19). Suppose -527 = j*x - 5513. What is the hundreds digit of x?
6
Let z = 383 - 381. Suppose -z*x - q = x - 761, -4*x + 3*q = -1006. What is the hundreds digit of x?
2
Suppose 245572 = 5*u + y + 27274, -174616 = -4*u - 4*y. What is the thousands digit of u?
3
Suppose -278129 = -24*y - 22*y + 3182175. What is the units digit of y?
4
Let l(d) = d**2 - 19*d + 60. Let j be (-1*10/(-25))/((-2)/110). What is the units digit of l(j)?
2
Let z = -4534 + 8053. What is the hundreds digit of z?
5
Let m(a) = -1347*a - 86. What is the units digit of m(-5)?
9
Suppose 5*v = -2*k + 29884, -67195 = -4*k - 3*v - 7427. What is the units digit of k?
2
Let g(d) be the third derivative of 5*d**4/24 - d**3 - 21*d**2. Let q be g(2). What is the units digit of 3/3 + 152/(6 - q)?
7
Let g be 653/4*20/5. Suppose -1030 = -5*b - 5*w, 0*w = 3*b - 4*w - g. What is the units digit of b?
1
Let v = -27 + 31. Suppose -5*l - 5 = 0, -v*m - 246 = -0*m + 2*l. Let r = -30 - m. What is the units digit of r?
1
Let b(f) = f**2 - 8*f + 12. Let x be b(6). Suppose x = -d + 4*d - 15. Suppose -4*k = d*i - 337, -5*i + 3*k = -3*i - 144. What is the tens digit of i?
6
Let n(i) = 2*i**3 - 26173 + 9*i**2 + 12*i + 26175 - i**3 - 3*i. Let u(w) = -2*w + 1. Let q be u(3). What is the tens digit of n(q)?
5
Suppose -d + 2*r + 3*r + 10516 = 0, 20990 = 2*d + 4*r. What is the units digit of d?
1
Let b(i) = -1976*i + 428. What is the units digit of b(-11)?
4
Let u(p) = p**3 - 50*p**2 - 69*p - 110. What is the hundreds digit of u(54)?
8
Let q be 5 + (-4 - -1) + 386. Let j = -296 + q. What is the units digit of j?
2
Let l be ((-11)/2 - -4)/(18/(-1056)). Suppose 0 = 3*r + 5*r - l. What is the tens digit of r?
1
Let i(a) = 8*a**2 - 6*a - 56. Suppose -39 = 13*h - 17*h - 3*n, -n = -2*h + 27. What is the thousands digit of i(h)?
1
What is the thousands digit of (48390/35)/(6 + (-2910)/490)?
2
Let x = -2074 + 889. Let m = 2114 + x. What is the hundreds digit of m?
9
Let m be (4444/(-6))/11*(20 - -4). Let s = m - -2595. What is the tens digit of s?
7
Let j(v) = -v**2 - 27*v - 38. Let o be (16/(-3))/((-16)/240). Let r = 66 - o. What is the units digit of j(r)?
4
What is the hundreds digit of (5214 + (-5)/(0 - -5))*(1 - 0)?
2
Let n = -32231 + 92872. What is the thousands digit of n?
0
Let f(p) = p**3 - 9*p**2 - 18*p. Let m be f(13). Let b = m + -300. Suppose -b = 21*t - 23*t. What is the units digit of t?
1
Suppose 22*j - 27*j = 905. Let k = j + 235. What is the tens digit of k?
5
Let w = -67347 + 100424. What is the hundreds digit of w?
0
Suppose 0 = 38*d - 19*d - 25*d + 80262. What is the ten thousands digit of d?
1
Let n be ((-2)/5)/(6/(-45)). What is the tens digit of ((-9772)/(-84))/(1/n)?
4
Suppose 5*f - 4 = 31. Suppose -f*g = 6 + 29. What is the tens digit of g/(-4)*-22*(-8)/10?
2
Let m = 33 - -135. Suppose 5*v + 2*c - 350 = -2*c, -2*v = -4*c - m. What is the tens digit of v?
7
Let s = -26418 - -48657. What is the units digit of s?
9
Let a be 59/236 - (175/(-4) - 1). Suppose -a*z = -40*z - 75. Let t(b) = b**2 - 3*b - 23. What is the units digit of t(z)?
7
What is the thousands digit of (9/(-12))/((-54)/751176)?
0
Suppose 15*q - 39174 = -7074. What is the thou